 -5*n + 23. Let q be j(7). List the prime factors of 14 + q - 80*-2.
2, 3
Let w(h) = -12*h + 8. Suppose -4*p + 5*z - z = 4, -3*p + 5*z - 9 = 0. Suppose p*a - 10 = 0, -y + 0 = 3*a - 11. What are the prime factors of w(y)?
2, 7
Let w be (-3 + 0)*2/(-3). Let n(o) = -10 - w*o - 3*o - 8*o**2 - o**3 + 2*o**3. What are the prime factors of n(9)?
2, 13
Suppose 4*v = -i + 4*i + 7, -3*v + i + 9 = 0. Suppose -v*j = -5 - 23. List the prime factors of j.
7
Let k = 18 - 19. Let y = k + 243. List the prime factors of y/15 - (-12)/(-90).
2
Let v be 1/(0 + 2/(-28)). Let f = -17 - v. List the prime factors of 25 + f*(-4)/12.
2, 13
Suppose a = 2*a - 8. What are the prime factors of 10*a/(-25)*(-15)/2?
2, 3
Let g(u) = u**2 - 23*u - 229. What are the prime factors of g(32)?
59
Suppose 5*x + u = -0*u + 1695, -2*x + 686 = 2*u. What are the prime factors of x/6 + (-5)/15?
2, 7
Suppose 47*u + 31708 = 114522. List the prime factors of u.
2, 881
What are the prime factors of 4242 + -5 + (-48)/(-6)?
3, 5, 283
Let c be ((-3)/3 + 9)/(2/(-16)). Let q = 20 - c. List the prime factors of q.
2, 3, 7
Let g(r) = r**3 - 3*r**2 + r. Let o be g(3). Suppose 2*h + 41 = -o*m + 3*h, -2*m - 14 = 2*h. What are the prime factors of 74/(-3)*m/8?
37
Let d be 534/4*((-95)/(-15) - -1). Suppose -x - 10 = x, d = 3*n + x. List the prime factors of n.
2, 41
Suppose -2*t + 7*t - 2*v - 13 = 0, 5*t = v + 14. Suppose 2*n - 1021 = -5*a, -t*n = 4*a + a - 1024. What are the prime factors of a?
7, 29
Let j(w) = -w - 1. Let i(x) = 6*x - 2. Let d(a) = i(a) + 8*j(a). Let c(m) = m + 1. Let b(q) = 4*c(q) + d(q). What are the prime factors of b(7)?
2
Let d(k) = k**2 - 4*k - 14. Suppose 4*x - 4 = -24. Let q be d(x). Suppose n + q = 2*s, 82 = 5*s - 4*n + 6*n. List the prime factors of s.
2
Suppose y + 8 = 2*c - 3*y, 0 = 3*c + 4*y - 2. Suppose -176 = -7*g + 3*g + c*u, -3*g + 132 = u. What are the prime factors of g?
2, 11
Let x = 26 - 80. Let u be 173/(-9) + (-12)/x. Let b = 51 + u. List the prime factors of b.
2
Let h(g) = 7*g**2. Let b be h(4). Let f be 84/b - (-2)/8. List the prime factors of 9 + f + (-2 - -5).
13
Let m(h) = -2028*h**3 + 7*h**2 + 6*h - 1. What are the prime factors of m(-1)?
2, 3, 13
Let z be (-6)/(-4) - (-3)/6. Let f(k) = -3 + k + z*k - 1. List the prime factors of f(15).
41
Suppose 2*n - 11*s = -10*s + 1290, -5*n + 3212 = 4*s. What are the prime factors of n?
2, 7, 23
Suppose -6*m = -9*m + 2739. What are the prime factors of m?
11, 83
Let c(w) = -4*w - 24. What are the prime factors of c(-7)?
2
Suppose 0 = -5*n - 5*q + 980, 2*n + q - 390 = -0*q. Suppose -j = j - n. What are the prime factors of j?
97
Suppose 24731 = 17*w + 6575. List the prime factors of w.
2, 3, 89
Let j(b) be the second derivative of b**4/12 - b**3/6 + 17*b**2 - 2*b. List the prime factors of j(0).
2, 17
Let v(a) = -2*a**2 + 4*a - 8. Let k be v(7). Let j be (-2)/(-5) - k/30. Suppose -j*p + 26 = -25. What are the prime factors of p?
17
Suppose 5*f + 2*v = -1796 - 240, 4*v + 400 = -f. What are the prime factors of (f/(-16))/(3/4 + 0)?
2, 17
Let a be 3*(7/(-3) - -2). Suppose 4*k - 50 = -r + 4*r, -4*r = k - 3. Let l = a + k. List the prime factors of l.
2, 5
Let j(w) = 14*w + 42. Let k be (-24)/72 + 28/(-3)*-1. What are the prime factors of j(k)?
2, 3, 7
Let z = -88 - -91. Suppose z*k + 3*t - 397 = k, 2*k - 373 = 5*t. What are the prime factors of k?
2, 97
Let o be (-98 - 1)*(5 - 4). Let m be 2/(-2)*(-2 + o). Let p = m + -56. What are the prime factors of p?
3, 5
Suppose -4*w + 3*d = -0*d + 80, -2*w = 2*d + 40. What are the prime factors of (-95)/w*-1*-16?
2, 19
Let k(l) = -8*l**3 + 3*l**2 + 16*l + 7. What are the prime factors of k(-6)?
1747
Suppose -t = -2*y - y + 4970, -t = 5*y - 8294. What are the prime factors of y?
2, 829
Let m(q) be the third derivative of 97*q**4/24 - q**3/2 - 10*q**2. Let a(w) = 48*w - 1. Let x(i) = -5*a(i) + 2*m(i). What are the prime factors of x(-1)?
3, 5
Suppose 5*j = -3*x + 781, -5*x + 2*j - 878 = -2221. List the prime factors of x.
3, 89
Let z = 89 + 80. What are the prime factors of z?
13
Let i = 2391 - 605. What are the prime factors of i?
2, 19, 47
Let i(v) = -v**2 + 4*v + 4. Let w be i(-3). Let p = 20 + w. Suppose 0 = 4*k + 20, 0*k - 4*k + 73 = p*c. What are the prime factors of c?
31
Let y(f) = -63*f - 35. List the prime factors of y(-22).
7, 193
Let j be 472/4 - 1 - 1. Suppose -5*h - j = -2*p + 60, 352 = 4*p + h. What are the prime factors of p?
2, 11
Let q(b) = b + 7. Let p be q(-6). Let s(r) = 8*r**2 + 2*r**2 + 6 - p - 9*r**2. What are the prime factors of s(4)?
3, 7
Let q = -8 - -18. Let w(i) = i**3 - 11*i**2 + 17*i + 14. Let s be w(q). Suppose -9*z = 30 - s. What are the prime factors of z?
2, 3
Let b(j) = -j**2 + 67*j - 157. List the prime factors of b(33).
5, 193
Let v be (-3 - 18)/(2/(-2)). Suppose -6*n = -3*n - v. List the prime factors of n.
7
Let s(n) = 75*n + 85. What are the prime factors of s(8)?
5, 137
Suppose 2*o + 5*m + 10 = 0, 0*m = -o + 2*m - 14. Let l = 202 + o. What are the prime factors of l?
2, 3
Let d be (-2686)/18 - 6/(-27). Let v = d - -247. What are the prime factors of v?
2, 7
Suppose -56 = -14*h + 10*h. Let b = h - -9. What are the prime factors of b?
23
Let y be ((-18)/2)/3 + 338. Suppose -4*p + 105 = -y. Suppose 4*c - p = u, -4*u + 3 = -5. What are the prime factors of c?
2, 7
Let p = 8 - 6. Let w(d) = -d - 1. Let j be w(p). What are the prime factors of 292/12 - (-1)/j?
2, 3
Suppose -9*w - 713575 = -124*w. List the prime factors of w.
5, 17, 73
Let h be 2 + -2 + -118 - 3. Let a = 61 + h. Let i = a - -128. List the prime factors of i.
2, 17
Suppose 4*r = 3*f - 13, 0 = -2*f + 4*r + 9 + 1. Suppose f*u = -3*u + 1404. List the prime factors of u.
2, 3, 13
Let n be (-361)/(-6) + 0 + (-13)/78. Let j = n + -58. What are the prime factors of j?
2
Suppose -w - 4*j = -2*j - 104, 2*w = 3*j + 187. Suppose -w = -h + 5*p, -5*h + 464 = -p + 2*p. What are the prime factors of h?
3, 31
Let o = 3646 + 109. What are the prime factors of o?
5, 751
Let n be (5 + 4 + -7)/(3/6). Suppose 0 = -4*b - 3*f + 659, n*b - 693 = 5*f - 10. List the prime factors of b.
167
Suppose 2*v = m + 3*m - 3894, -2*v - 978 = -m. Let b = -1848 + m. List the prime factors of b/(-36) + (-1)/3.
2, 3
Suppose 0 = -3*w + 4*w - 3, 4*y + 4*w - 128 = 0. Suppose 618 = y*v - 26*v. What are the prime factors of v?
2, 103
Suppose -2*t + 3 = -3. What are the prime factors of ((-25)/10 + t)*118?
59
Let p = -63 - -44. Let s = p + 21. List the prime factors of s*-2*45/(-10).
2, 3
Let w(m) = m**3 + m + 7. Let h be w(0). What are the prime factors of (-5)/((-105)/4446) + 2/h?
2, 53
Let u = -2 + 7. Let s(z) = 3*z**2 - 6*z + 4. What are the prime factors of s(u)?
7
Suppose -2*q - 40 = 2*q. Let d = -5 - q. Suppose c = -5*h + 15, 2*c - 10 = -d*h + 5. What are the prime factors of h?
3
Let t(p) = 3*p - 9*p + 2*p**2 + 6*p**2 + 8*p. List the prime factors of t(2).
2, 3
What are the prime factors of 1/((-2)/(-6)) + (461 - 195)?
269
Suppose -322*c + 2136 = -320*c. List the prime factors of c.
2, 3, 89
List the prime factors of (1 - (-208)/(-182))*(1 - 35358).
5051
Let i(c) = -c**3 - 8*c**2 - 5*c + 3. Let l be i(-7). Let s be l - -2 - 6/(-2). List the prime factors of (-40)/s*(1 - -2).
2, 5
Let q(p) = -8*p - 19. Let g be q(-8). What are the prime factors of 36/g + -1*(-1016)/5?
2, 3, 17
Suppose c - 5*f = 9, -5*c = -2*c + 5*f + 13. What are the prime factors of c*(-48 - 2/(-1))?
2, 23
Let s = 78 + -187. Let h be 759/(-12) + (-1)/(-4). Let b = h - s. What are the prime factors of b?
2, 23
Suppose 0 = l - 404 - 590. List the prime factors of l.
2, 7, 71
Let f = -130 - -62. Let n = 130 + f. What are the prime factors of n?
2, 31
Let q(o) = -o**3 + 5*o**2 - 4*o - 3. Let i be q(5). Let a = i - -27. What are the prime factors of a?
2
What are the prime factors of (3/(15/(-10)))/(10/(-1115))?
223
Let y(d) = d**2 + 7*d + 19. Suppose s = 2*s + 16. List the prime factors of y(s).
163
Let d(u) = u**3 - 6*u**2 + 18*u - 4. Let x be d(7). Suppose -s + 5*s - x = -5*a, -2*s = -8. What are the prime factors of a?
31
Let v(i) = i**2 - 34*i - 528. List the prime factors of v(58).
2, 3
Let m(c) = c**3 + 80. Let f be m(0). Suppose -5*w - f = -5*i, 0*i - 3*w = 2*i - 17. What are the prime factors of i?
13
Let m(i) = 2*i + 66. Suppose 6*v + 102 + 18 =